l, -9*z + 309 = -6*z + 3*l. Suppose -11*j + 13*j + 130 = 5*w, -4*w + j + z = 0. What is the highest common factor of w and 12?
4
Let g be 123 + (-11 - -4 - -15). Let n = -19 + g. What is the greatest common factor of n and 14?
14
Let y = 137 + -141. Let n be (y/(-6))/((-19)/(-342)). What is the highest common factor of n and 27?
3
Suppose 30*r + 208 = -29*r + 67*r. Calculate the highest common factor of 18902 and r.
26
Let f be 0 + 455 + (0 - 0) + (-708)/177. What is the greatest common divisor of 11 and f?
11
Suppose 4*c + 4*x = -x - 15, 5*c - 3*x = 9. Let i be (136 + -135)/(2/192 + c). Calculate the greatest common factor of i and 416.
32
Let z = -472 - -477. Suppose 17*r - 14*r - 2*g = 649, z*g - 205 = -r. Calculate the greatest common divisor of 10 and r.
5
Let h(r) = -7*r**2 + 15*r - 10. Let n be h(4). Let p = 237 + n. Calculate the greatest common factor of 75 and p.
25
Let n = -2934 + 3129. Calculate the highest common factor of n and 50.
5
Let v(b) = -b**2 - 22*b + 2. Let h = 290 + -301. Let n be v(h). Calculate the highest common divisor of n and 164.
41
Let w be (26/(-8))/(3*4/(-48)). Let l = -2538 + 3747. Calculate the highest common factor of w and l.
13
Suppose 12*o - 6 = 32 + 34. Calculate the highest common factor of o and 13182.
6
Let n(y) = 96*y + 585. Let j be n(2). Calculate the highest common factor of j and 28.
7
Let a be (8/32)/((-4)/(-32)). Suppose 4*v - 72 = -a*v. Calculate the greatest common factor of v and 84.
12
Let l = 6 - 11. Let f(u) be the first derivative of u**3/3 + u**2/2 - u + 124. Let x be f(l). What is the highest common factor of 76 and x?
19
Suppose 5*q - l + 3*l + 155 = 0, -4*q = -4*l + 124. Let p = q - -103. Let w(d) = d + 2. Let s be w(7). What is the highest common factor of p and s?
9
Let r = -10254 + 10266. Let x(u) = u**2 + u. Let t be x(-1). Let w = t - -4. Calculate the greatest common factor of r and w.
4
Let l = 3 - 0. Suppose -l*x + 11 = -4*m - 5, 46 = 5*x + 3*m. Suppose -3*f = -x*f + 560. Calculate the highest common divisor of f and 14.
14
Let j(w) = -134 + 214 - 23*w - 2*w**2 - 121. Let s be j(-9). What is the greatest common divisor of 108 and s?
4
Let n be (-31)/(465/27) - (-234)/30. Let s(d) = 7*d**2 + 3*d - 4. Let o be s(-4). What is the highest common divisor of o and n?
6
Let b = -11700 + 11742. What is the highest common factor of 2128 and b?
14
Suppose -4*s + 89 = -w, -3*w - 4*s - 85 = 198. Let b = w - -102. Calculate the highest common factor of 279 and b.
9
Let w = -304 - -325. Let j be (-117)/12*(-28)/w. What is the highest common factor of j and 91?
13
Suppose -139 = -5*z - 2*q, -4*q - 75 = -3*z - q. What is the highest common divisor of 4428 and z?
27
Suppose 3*x - z - 28818 = 8471, 3*x - 4*z - 37277 = 0. Calculate the greatest common factor of 62 and x.
31
Suppose -s + 2*s + 5*q = 85, 67 = s - q. Let z be 6 + s/15*15. What is the greatest common factor of 20 and z?
4
Suppose 30*f + 23*f - 1087 - 26 = 0. Calculate the greatest common divisor of f and 8421.
21
Suppose -413 = -22*h + 621. Calculate the greatest common divisor of h and 1645.
47
Suppose -w + 5*x + 323 = 3*w, 3*w - 243 = 3*x. Let r = -47 + w. Suppose -i - 15 = -4*i. Calculate the greatest common factor of i and r.
5
Let u be 4*-1 + (-16)/12*-27. Let z = u - -121. Calculate the highest common divisor of 9 and z.
9
Let w be -3 + 1 - (-34911)/(9 + -6). What is the highest common factor of w and 13?
13
Let x be 2 + 14 + -2 + 0. Suppose -2 = f, 2*h + 5012 = -3*h - f. Let t = -925 - h. What is the greatest common divisor of x and t?
7
Let z be -10*1*(-2)/4. Suppose -z*v + 135 = -0*v. Let g = 49 - v. What is the greatest common factor of g and 66?
22
Let g = -854 - -1074. Suppose -2*s - 148 = -5*u, -u - 56 = s + 32. Let d = s + g. What is the greatest common factor of 34 and d?
34
Suppose 3*t + 0*t = 2*p + 294, 4*t = 3*p + 392. Let a = t - 34. Suppose -3*g + 12 = d - 13, -2*d = -2*g - 26. What is the greatest common divisor of d and a?
16
Let x(n) = 41*n - 2747. Let i be x(72). Calculate the highest common divisor of i and 615.
205
Let a(b) be the first derivative of b**3/3 - b**2/2 + 5*b + 8. Let u be a(4). Suppose -2*w + 28 = -142. Calculate the greatest common divisor of w and u.
17
Suppose 36*m = 35*m + 4. Suppose -s + m*f + 18 + 7 = 0, 4*f = -12. Calculate the highest common factor of 13 and s.
13
Let x be 6 + 12/42*14. Suppose -m + 80 = x. Suppose 42 = 4*b - 2*i, -3*b - b - 3*i + 37 = 0. What is the highest common factor of b and m?
10
Suppose 3*v - 1416 = -3*i, -341 - 159 = -i - 5*v. Calculate the highest common factor of 4278 and i.
93
Suppose 4*v = 4*m + 312, 12*m = v + 7*m - 78. What is the greatest common factor of v and 5538?
78
Let c = -60 + 75. Let n be c + 16/20*5. Suppose -4*f = -2*i - 150, 2*i - 7*i - 147 = -4*f. Calculate the greatest common factor of n and f.
19
Suppose 0 = -3*i + 5*q + 50 + 144, -3*i + q = -202. What is the greatest common factor of i and 527?
17
Let i be 92/(-22) - 6/(-33). Let k be i/3*1032/(-16). Let v = -67 + k. Calculate the greatest common factor of 152 and v.
19
Let n be (95/(-10))/((-81)/1458). Let o = -50 + 95. What is the greatest common factor of n and o?
9
Suppose -2*s - s = 3*w - 225, s - 71 = -5*w. Calculate the highest common factor of s and 28.
4
Let j(x) = -x**3 - 20*x**2 - 28*x + 186. Let y be j(-26). Calculate the highest common factor of y and 70.
70
Let w = -608 - -706. What is the greatest common divisor of w and 770?
14
Let l(q) = -9*q + 45. Let z(j) = j - 9. Let b be z(10). Let m(n) = -2*n**2 + 2. Let w be m(b). Let s be l(w). What is the greatest common factor of s and 15?
15
Let b be (1296/(-27) + 32)/((-3)/2 + 1). Calculate the highest common divisor of b and 6304.
32
Let o(v) = -v**3 - 31*v**2 + 16*v - 405. Let s be o(-32). Calculate the highest common factor of s and 856.
107
Let t = -38 + 43. Suppose -t - 19 = -4*l - 2*h, 5*l + 5*h = 30. Let y be 4/4*-1*-9. What is the highest common divisor of l and y?
3
Suppose 0 = j + 52 - 71. Suppose 0 = a + 5*p - j, -2*p + 7 = 3. Suppose -8 = 3*q - 62. What is the highest common divisor of a and q?
9
Suppose -3*z = 4*j - 0*j - 96, 3*z - 93 = -5*j. Let h = z + -7. Suppose h*n - 26*n - 102 = 0. Calculate the greatest common factor of n and 306.
34
Let o = 109 - 339. Let f = -211 - o. What is the greatest common factor of 19 and f?
19
Let p = -4015 + 7132. Calculate the greatest common divisor of 3 and p.
3
Let x be (-46)/(-391) + 38/(-34) + -53. Let r be (-2)/(-9) + (4 - (-174)/x). Calculate the greatest common factor of 1 and r.
1
Let h be 4*39/(2*(4 + -5)). Let t = h + 115. What is the highest common divisor of t and 37?
37
Let a(o) be the first derivative of -4*o**2 + 12*o + 31. Let c be a(-2). Calculate the highest common divisor of c and 14.
14
Suppose -60 = -z - 4*q, -6*q = -499*z + 498*z - 20. Let p = 2 - -6. Calculate the greatest common factor of z and p.
4
Let h be (2/(-1))/2 + 51. Let x be (-87)/(-9) - (10 - (-186)/(-18)). Calculate the greatest common factor of x and h.
10
Suppose -4*k - 27748 = -77*k + 14227. Calculate the highest common factor of k and 4715.
115
Let q = 232 - 222. Suppose q*w = 47 + 73. What is the greatest common divisor of 4 and w?
4
Suppose -n - 4*n = -30. Let z be -7*n/(-21) - -151. Calculate the greatest common factor of z and 17.
17
Suppose -42*a + 37*a - 2*n + 2334 = 0, 3*a - 1378 = 2*n. Calculate the highest common factor of 112 and a.
16
Suppose 5*i = -153 + 543. Let n(h) = 4*h**2 - 47*h + 1. Suppose -u + 18*u - 204 = 0. Let f be n(u). What is the greatest common divisor of f and i?
13
Let o = -692 + 736. Let f(i) = i**2 - 1 - 4*i - 3*i - i**3 + 7*i. Let j be f(-2). What is the highest common divisor of j and o?
11
Let h = 57 + -54. Suppose 3*g + 4*x - 296 = -g, -g - h*x = -78. Let i = 38 - 29. What is the greatest common factor of g and i?
9
Suppose 137*t + 247 = 1803 + 225. Calculate the highest common factor of 4 and t.
1
Suppose -20*d - d + 540 = -d. Calculate the highest common divisor of d and 501.
3
Suppose 0 = 3*u - 0*u - 2*l + 2, 5*l - 22 = -u. Suppose 5*r = -5*r - 110. Let t be (2700/55)/6 + 2/r. What is the greatest common factor of t and u?
2
Suppose -3*c - 1019 = 1627. Let g = -571 - c. Suppose 0*x + x - 2*d = 122, -5*d = 3*x - g. Calculate the highest common fac